{"id":167,"date":"2016-03-02T17:00:07","date_gmt":"2016-03-02T22:00:07","guid":{"rendered":"http:\/\/lesvoixdelles.qc.ca\/?page_id=167"},"modified":"2025-07-25T11:43:48","modified_gmt":"2025-07-25T15:43:48","slug":"les-voix-delles-2","status":"publish","type":"page","link":"https:\/\/lesvoixdelles.qc.ca\/?page_id=167","title":{"rendered":"Ch\u0153ur"},"content":{"rendered":"<h1 style=\"text-align: center;\">Les Voix d&rsquo;Elles, depuis 1987<\/h1>\n<h2 style=\"text-align: center;\"><img loading=\"lazy\" class=\"aligncenter  wp-image-159\" src=\"https:\/\/lesvoixdelles.qc.ca\/wp-content\/uploads\/2016\/03\/DSC_5547.jpg\" alt=\"DSC_5547\" width=\"810\" height=\"538\" srcset=\"https:\/\/lesvoixdelles.qc.ca\/wp-content\/uploads\/2016\/03\/DSC_5547.jpg 4288w, https:\/\/lesvoixdelles.qc.ca\/wp-content\/uploads\/2016\/03\/DSC_5547-300x199.jpg 300w, https:\/\/lesvoixdelles.qc.ca\/wp-content\/uploads\/2016\/03\/DSC_5547-768x510.jpg 768w, https:\/\/lesvoixdelles.qc.ca\/wp-content\/uploads\/2016\/03\/DSC_5547-1024x680.jpg 1024w, https:\/\/lesvoixdelles.qc.ca\/wp-content\/uploads\/2016\/03\/DSC_5547-207x136.jpg 207w, https:\/\/lesvoixdelles.qc.ca\/wp-content\/uploads\/2016\/03\/DSC_5547-140x94.jpg 140w\" sizes=\"(max-width: 810px) 100vw, 810px\" \/><\/h2>\n<h2><b>Les Voix d<\/b><b>\u2019Elles, c\u2019est :<\/b><\/h2>\n<ul>\n<li>un ch\u0153ur de jeunes filles de 8 ans et plus<\/li>\n<li>une formation musicale de haut niveau<\/li>\n<li>un encadrement personnalis\u00e9 et chaleureux<\/li>\n<li>une directrice musicale passionn\u00e9e et hautement qualifi\u00e9e<\/li>\n<li>un r\u00e9pertoire vari\u00e9<\/li>\n<li>plus de 35 r\u00e9p\u00e9titions r\u00e9guli\u00e8res et trois samedis intensifs<\/li>\n<li>un camp musical d\u2019une fin de semaine dans une auberge \u00e0 l\u2019ext\u00e9rieur de la r\u00e9gion m\u00e9tropolitaine<\/li>\n<li>une formation en jeu avec un metteur en sc\u00e8ne exp\u00e9riment\u00e9<\/li>\n<li>la production d\u2019un op\u00e9ra jeunesse chaque ann\u00e9e<\/li>\n<li>la possibilit\u00e9 d\u2019int\u00e9grer le ch\u0153ur peu importe l\u2019\u00e2ge<\/li>\n<li>l\u2019occasion de participer \u00e0 diff\u00e9rents \u00e9v\u00e9nements<\/li>\n<\/ul>\n<h2>Biographie du ch\u0153ur<\/h2>\n<p>Les Voix d\u2019Elles forment un ensemble \u00e0 voix \u00e9gales d\u2019une vingtaine de jeunes filles de 8 ans et plus, dont la vocation p\u00e9dagogique couvre \u00e0 la fois les volets musical et th\u00e9\u00e2tral. Les Voix d\u2019Elles a \u00e9t\u00e9 fond\u00e9 en 1987 par Gilbert Patenaude, alors que naissait le besoin de former un ensemble vocal musical pour jeunes filles. La direction musicale et artistique est assum\u00e9e par Mariane Patenaude depuis septembre 2014. La formation th\u00e9\u00e2trale et la mise en sc\u00e8ne sont assum\u00e9es par Olivier Berthiaume depuis 2018.<\/p>\n<p>Le ch\u0153ur s\u2019est produit dans de nombreux concerts et \u00e9missions. Les Voix d\u2019Elles a \u00e9t\u00e9 s\u00e9lectionn\u00e9 pour Chorales Qu\u00e9bec&nbsp;2008 \u00ab&nbsp;Et si Qu\u00e9bec m\u2019\u00e9tait chant\u00e9e\u2026&nbsp;\u00bb, pour participer au grand concert du 18 juillet dans le cadre du 400e de Qu\u00e9bec. Il s\u2019est produit dans la premi\u00e8re partie du concert de Charles Aznavour lors de l\u2019\u00e9dition&nbsp;2009 du Mondial Choral Loto-Qu\u00e9bec. Le ch\u0153ur a particip\u00e9, en 2014, au spectacle \u00ab&nbsp;Grand rassemblement des g\u00e9n\u00e9rations&nbsp;\u00bb au parc Maisonneuve dans le cadre de la tourn\u00e9e Bleu Terre de la Fondation David Suzuki, o\u00f9 il a chant\u00e9 avec Jessica Vigneault. Le ch\u0153ur a donn\u00e9 de nombreux concerts dans diff\u00e9rents lieux, dont Le Village de No\u00ebl de La Tohu, le Royaume de No\u00ebl du Complexe Desjardins. Le ch\u0153ur a produit de nombreux op\u00e9ras&nbsp;: en 2013, Le magicien d\u2019Oz (adaptation de J. Salvas et G. Patenaude); en 2014, Hansel et Gretel (op\u00e9ra de E. Humperdinck); en 2015, Le petit ramoneur (op\u00e9ra de B. Britten) pour ne citer que les plus r\u00e9cents.<\/p>\n<p>Le ch\u0153ur a particip\u00e9 \u00e0 l\u2019enregistrement de six disques dont <em>Elles Chantent Vigneault <\/em>(2002), <em>Harpe et Voix de No\u00ebl<\/em> (2003) et <em>Les Voix d\u2019Elles chantent F\u00e9lix<\/em> (2006).<\/p>\n<p><span style=\"font-family: georgia,serif;\">&nbsp;<\/span><\/p>\n\n\n<figure class=\"wp-block-image size-large\"><img loading=\"lazy\" width=\"682\" height=\"1024\" src=\"https:\/\/lesvoixdelles.qc.ca\/wp-content\/uploads\/2022\/09\/287963127_4623251087776343_8341822163675040405_n-682x1024.jpg\" alt=\"\" class=\"wp-image-903\" srcset=\"https:\/\/lesvoixdelles.qc.ca\/wp-content\/uploads\/2022\/09\/287963127_4623251087776343_8341822163675040405_n-682x1024.jpg 682w, https:\/\/lesvoixdelles.qc.ca\/wp-content\/uploads\/2022\/09\/287963127_4623251087776343_8341822163675040405_n-200x300.jpg 200w, https:\/\/lesvoixdelles.qc.ca\/wp-content\/uploads\/2022\/09\/287963127_4623251087776343_8341822163675040405_n-768x1153.jpg 768w, https:\/\/lesvoixdelles.qc.ca\/wp-content\/uploads\/2022\/09\/287963127_4623251087776343_8341822163675040405_n-1023x1536.jpg 1023w, https:\/\/lesvoixdelles.qc.ca\/wp-content\/uploads\/2022\/09\/287963127_4623251087776343_8341822163675040405_n.jpg 1364w\" sizes=\"(max-width: 682px) 100vw, 682px\" \/><figcaption>Photo tir\u00e9e de notre production de <em>L&rsquo;enfant et les sortil\u00e8ges<\/em> (2022), prise par Vincent McGraw.<\/figcaption><\/figure>\n\n\n\n<p><\/p><div dir=\"ltr\">\n<h1 style=\"text-align: center;\">Discographie de la chorale<\/h1>\n<h2><a href=\"https:\/\/lesvoixdelles.qc.ca\/wp-content\/uploads\/2016\/03\/DSC_5616.jpg\" rel=\"attachment wp-att-161\"><img loading=\"lazy\" class=\"aligncenter size-full wp-image-161\" src=\"https:\/\/lesvoixdelles.qc.ca\/wp-content\/uploads\/2016\/03\/DSC_5616.jpg\" alt=\"DSC_5616\" width=\"4288\" height=\"2848\" srcset=\"https:\/\/lesvoixdelles.qc.ca\/wp-content\/uploads\/2016\/03\/DSC_5616.jpg 4288w, https:\/\/lesvoixdelles.qc.ca\/wp-content\/uploads\/2016\/03\/DSC_5616-300x199.jpg 300w, https:\/\/lesvoixdelles.qc.ca\/wp-content\/uploads\/2016\/03\/DSC_5616-768x510.jpg 768w, https:\/\/lesvoixdelles.qc.ca\/wp-content\/uploads\/2016\/03\/DSC_5616-1024x680.jpg 1024w, https:\/\/lesvoixdelles.qc.ca\/wp-content\/uploads\/2016\/03\/DSC_5616-207x136.jpg 207w, https:\/\/lesvoixdelles.qc.ca\/wp-content\/uploads\/2016\/03\/DSC_5616-140x94.jpg 140w\" sizes=\"(max-width: 4288px) 100vw, 4288px\" \/><\/a><\/h2>\n<h2><span style=\"font-family: Arial,Helvetica,sans-serif;\">2006 : Les Voix d&rsquo;elles chantent F\u00c9LIX LECLERC<\/span><\/h2>\n<\/div>\n<p><img loading=\"lazy\" class=\"alignnone wp-image-14\" src=\"https:\/\/lesvoixdelles.qc.ca\/wp-content\/uploads\/2015\/12\/pochette_Leclerc-300x263.jpg\" alt=\"pochette_Leclerc\" width=\"201\" height=\"176\" srcset=\"https:\/\/lesvoixdelles.qc.ca\/wp-content\/uploads\/2015\/12\/pochette_Leclerc-300x263.jpg 300w, https:\/\/lesvoixdelles.qc.ca\/wp-content\/uploads\/2015\/12\/pochette_Leclerc.jpg 350w\" sizes=\"(max-width: 201px) 100vw, 201px\" \/><\/p>\n<div>&nbsp;<\/div>\n<h2><span style=\"font-family: Arial,Helvetica,sans-serif;\">2004 : Requiem de Gabriel Faur\u00e9<\/span><b><\/b><\/h2>\n<p><img loading=\"lazy\" class=\"alignnone wp-image-15\" src=\"https:\/\/lesvoixdelles.qc.ca\/wp-content\/uploads\/2015\/12\/pochette_faure-300x263.jpg\" alt=\"pochette_faure\" width=\"200\" height=\"176\" srcset=\"https:\/\/lesvoixdelles.qc.ca\/wp-content\/uploads\/2015\/12\/pochette_faure-300x263.jpg 300w, https:\/\/lesvoixdelles.qc.ca\/wp-content\/uploads\/2015\/12\/pochette_faure.jpg 350w\" sizes=\"(max-width: 200px) 100vw, 200px\" \/><\/p>\n<h2>&nbsp;<\/h2>\n<h2><span style=\"font-family: Arial,Helvetica,sans-serif;\">2003 : A Ceremony of Carols<br><\/span><\/h2>\n<p><img loading=\"lazy\" class=\"alignnone wp-image-18\" src=\"https:\/\/lesvoixdelles.qc.ca\/wp-content\/uploads\/2015\/12\/pochette_britten.jpg\" alt=\"pochette_britten\" width=\"201\" height=\"176\"><\/p>\n<h2>&nbsp;<\/h2>\n<h2><span style=\"font-family: Arial,Helvetica,sans-serif;\">2001 : Elles chantent VIGNEAULT <\/span><\/h2>\n<p><img loading=\"lazy\" class=\"alignnone size-full wp-image-17\" src=\"https:\/\/lesvoixdelles.qc.ca\/wp-content\/uploads\/2015\/12\/pochette_vignault.jpg\" alt=\"pochette_vignault\" width=\"200\" height=\"175\"><\/p>\n<h2>&nbsp;<\/h2>\n<h2><span style=\"font-family: Arial,Helvetica,sans-serif;\">2000 : \u0152uvres chorales Schmitt<\/span><\/h2>\n<p><img loading=\"lazy\" class=\"alignnone size-full wp-image-16\" src=\"https:\/\/lesvoixdelles.qc.ca\/wp-content\/uploads\/2015\/12\/pochette_Schmitt-1.jpg\" alt=\"pochette_Schmitt-1\" width=\"200\" height=\"175\"><\/p>\n","protected":false},"excerpt":{"rendered":"<p>Les Voix d&rsquo;Elles, depuis 1987 Les Voix d\u2019Elles, c\u2019est : un ch\u0153ur de jeunes filles de 8 ans et plus une formation musicale de haut niveau un encadrement personnalis\u00e9 et chaleureux une directrice musicale passionn\u00e9e et hautement qualifi\u00e9e un r\u00e9pertoire vari\u00e9 plus de 35 r\u00e9p\u00e9titions r\u00e9guli\u00e8res et trois samedis intensifs un camp musical d\u2019une fin [&hellip;]<\/p>\n","protected":false},"author":1,"featured_media":0,"parent":0,"menu_order":0,"comment_status":"closed","ping_status":"closed","template":"","meta":[],"_links":{"self":[{"href":"https:\/\/lesvoixdelles.qc.ca\/index.php?rest_route=\/wp\/v2\/pages\/167"}],"collection":[{"href":"https:\/\/lesvoixdelles.qc.ca\/index.php?rest_route=\/wp\/v2\/pages"}],"about":[{"href":"https:\/\/lesvoixdelles.qc.ca\/index.php?rest_route=\/wp\/v2\/types\/page"}],"author":[{"embeddable":true,"href":"https:\/\/lesvoixdelles.qc.ca\/index.php?rest_route=\/wp\/v2\/users\/1"}],"replies":[{"embeddable":true,"href":"https:\/\/lesvoixdelles.qc.ca\/index.php?rest_route=%2Fwp%2Fv2%2Fcomments&post=167"}],"version-history":[{"count":5,"href":"https:\/\/lesvoixdelles.qc.ca\/index.php?rest_route=\/wp\/v2\/pages\/167\/revisions"}],"predecessor-version":[{"id":1053,"href":"https:\/\/lesvoixdelles.qc.ca\/index.php?rest_route=\/wp\/v2\/pages\/167\/revisions\/1053"}],"wp:attachment":[{"href":"https:\/\/lesvoixdelles.qc.ca\/index.php?rest_route=%2Fwp%2Fv2%2Fmedia&parent=167"}],"curies":[{"name":"wp","href":"https:\/\/api.w.org\/{rel}","templated":true}]}}